remainder when c is divided by 11.
10
What is the remainder when 5323/9 - (-13 - (-121)/9) is divided by 16?
15
Suppose 3*f - 7*f + 8 = -c, 2*f = c. Suppose c*g - 6798 = -5*o + 6*g, 4*g = -3*o + 4090. Calculate the remainder when o is divided by 40.
38
Suppose -15*s - 1211 = -1436. Calculate the remainder when 839 is divided by s.
14
Suppose v = -4*a - 0*v + 42, a = -4*v + 3. Suppose -q - a*q + 816 = 0. What is the remainder when 84 is divided by q?
16
Suppose -5*c = -5, 2*w - 3*c = 6*w - 11. Let p(k) = 4*k**3 - 3*k**2 + 2*k + 1. What is the remainder when p(w) is divided by 7?
4
Suppose -42*s + 34*s = -448. Let b = 5 - 40. Let h = b + s. Calculate the remainder when 82 is divided by h.
19
What is the remainder when 88 is divided by (-8)/(-5)*3850/70?
0
Let y(x) be the third derivative of x**6/12 - x**5/60 - x**4/6 + 3*x**3/2 + x**2 + 38*x. Calculate the remainder when y(3) is divided by 10.
8
Let f(t) = 16*t + 30. Let l be f(-1). Suppose 103 = l*c - 261. What is the remainder when c is divided by 6?
2
Suppose 46 = 3*m - 3*w - 29, 3*w = 3. What is the remainder when m is divided by 3 + -4 + 5 + 6?
6
Suppose 90 = 2*g + 13*g. Suppose 13 = g*c - 11. What is the remainder when 95 is divided by c?
3
Let i(d) = d**3 - 4*d**2 - 21*d + 11. Suppose -6*s + 20*s - 112 = 0. What is the remainder when i(s) is divided by 17?
14
Suppose -67*a + 92*a + 31 - 106 = 0. Let b = -3 - -5. Calculate the remainder when 2*(10/1 - b) is divided by a.
1
Let r(y) = -y**2 - 16*y - 38. What is the remainder when 24318/420 - 3/(-30) is divided by r(-9)?
8
Let x(i) = -i**3 - 4*i**2 + 2*i - 1. Let q be x(-5). Let p(g) = -7*g. What is the remainder when p(-3) is divided by 24/42 - (-104)/q?
5
Let s(n) = -n**3 - 2*n**2 - 24*n - 7. Let d = 124 + -83. Calculate the remainder when s(-4) is divided by d.
39
Let o = 2522 - 2395. What is the remainder when o is divided by 26?
23
Suppose -29 = -3*a - 44. Let t be (3 + 0)/(2*a/(-430)). Suppose -5*g = 2*p - 151 - 167, -t = -2*g + p. Calculate the remainder when g is divided by 19.
7
Suppose 4*f = -4*g + 228, 75 = 2*f - 4*g - 51. Calculate the remainder when 1823 is divided by f.
53
Suppose r + 3*i - 4 = 0, 9*r - 12*r + 4*i + 77 = 0. Calculate the remainder when 1175 is divided by r.
16
Let s be (-2)/4*2/(-1) - -1. Let g be (-922)/(-2) + 6*s/(-6). Suppose i + 4*i - 635 = -4*n, 3*n = 2*i + g. What is the remainder when n is divided by 26?
25
Let g = 1119 - 1192. Suppose -3*x - 236 = x. Let w = x - g. Calculate the remainder when 26 is divided by w.
12
Let w be 2/11 + (-930)/33 + 1. Let g be ((-1)/(-3))/(3/w + 0). Let x(f) = 25*f**2 - 3*f + 7. What is the remainder when x(g) is divided by 27?
25
Let t(h) = h**3 - 23*h**2 + 7*h + 16. Calculate the remainder when t(23) is divided by 83.
11
Suppose 0 = -2*h + 4*l + 92, 3*h = -3*l + 111 + 45. Suppose 0 = -3*i - 5*u + h, -7*i + 6*i + u + 30 = 0. What is the remainder when 59 is divided by i?
9
Let n = -2 - -16. Let o(s) = -3 - 2 + 0*s - 13*s + 6. Calculate the remainder when o(-4) is divided by n.
11
Let g = -1735 - -4634. Let i = 4069 - g. Calculate the remainder when i is divided by 69.
66
Let i = -5789 - 1847. Let w = 3 - -34. Calculate the remainder when (-8)/(-52) - i/52 is divided by w.
36
Suppose s = -4*y + 105, 8*y - 3*y - 100 = 5*s. Suppose y*i - 4*i = 987. Calculate the remainder when i is divided by 25.
22
Let v be (-3 + 4)*1*2. Suppose 637 = v*x + 5*o + 190, 4*x = -3*o + 915. Suppose 0*i - x = -7*i. What is the remainder when i is divided by 5?
3
Calculate the remainder when (-11 + -4 - -25) + 115 is divided by 68.
57
Suppose 3228 = -11*q + 15*q. Suppose -19*b + 637 = -q. Calculate the remainder when 149 is divided by b.
73
Suppose -2221 + 13901 = 10*r. Calculate the remainder when r is divided by 13.
11
Suppose -s = -2*i - 338, 3*i = 4*s + 2*i - 1366. Calculate the remainder when s is divided by 10.
2
Let z(u) = -282*u + 3646. Calculate the remainder when 1557 is divided by z(12).
247
Let w = 37 - 34. Suppose v + n + 2*n = 44, -5*v + w*n + 130 = 0. Let g(s) = s**3 + 25*s**2 - s - 17. What is the remainder when v is divided by g(-25)?
5
Let g(i) = -442*i - 2382. What is the remainder when g(-6) is divided by 29?
9
Let b = -60 + 69. Calculate the remainder when b/(-21) - 7788/(-42) is divided by 17.
15
Calculate the remainder when 1283 is divided by (-106)/424*(-8)/2*(48 - 1).
14
Suppose -4*s = t - 15, s + 3*t = t - 5. Suppose 3*q = s*q + 94. Let j = 64 + q. What is the remainder when 65 is divided by j?
14
Let f(w) = -22*w - 406. Let v be (-5 + (0 - -2))*-1. Let h(n) = n**3 - 3*n + 3. Calculate the remainder when f(-24) is divided by h(v).
17
Let o = 6 - 3. Suppose -n - 130 = -o*n. Calculate the remainder when n is divided by (-137 + -4)/(-3) + 169 + -189.
11
Let w(o) = 2*o**3 - 119*o**2 + 1127*o - 6. Calculate the remainder when w(9) is divided by 40.
36
Suppose 24 = 3*a - 3*o, 5*o = -0*a - 2*a + 37. Calculate the remainder when (1*30/(-36))/(10/(-20))*51 is divided by a.
8
Suppose 9 = -5*y - 3*j - 179, y = 4*j - 56. Suppose -4*u = -2*u - 18. What is the remainder when (y - -5)/(-2 - (2 + -3)) is divided by u?
8
Suppose -f - 7 = -2*f. Suppose 12 - f = -g. Calculate the remainder when (-384)/(-10) + g/((-75)/(-6)) is divided by 6.
2
Calculate the remainder when 148 is divided by (700/56 - 11) + 6/4.
1
Let f(d) = -d**2 + 69*d - 542. What is the remainder when f(17) is divided by 95?
57
Suppose 1130 = -27*m + 37*m. Suppose -5*h + 2*o = -m + 36, -20 = -h + 5*o. What is the remainder when (25/2)/(1/2) is divided by h?
10
Let l(q) = q**3 - 12*q**2 - 12*q - 14. Let k be l(13). Let f be (k/2)/(3 + (-23)/8). What is the remainder when -222*(-6)/f*16/(-48) is divided by 16?
15
Let x = 436 + -418. Suppose -4*c = -2*c - 888. Suppose -3*u + f = 3*f - 328, 0 = -4*u - 4*f + c. Calculate the remainder when u is divided by x.
16
Suppose -27*v + 25*v = -70. Calculate the remainder when (-7)/70 - (-981)/10 is divided by v.
28
Let a = 43 + -39. Suppose -a*c = -5*s - c + 117, 16 = -4*c. Let z(h) = h + 12. What is the remainder when z(s) is divided by 7?
5
Let y be 5 + 11 - (0 + 0 - -3). Suppose 0 = -f + y + 13. Suppose -10*q + 254 + f = 0. What is the remainder when q is divided by 11?
6
Suppose 8839 - 15318 = -42*r + 11245. Calculate the remainder when r is divided by 12.
2
Let w be (4/5)/((-2)/5)*-2. Suppose 0*v + 2*t + 1595 = 5*v, -w*t = 5*v - 1565. What is the remainder when v is divided by 80?
77
Suppose -42 = 5*t - 62. Suppose 2*a - 91 = 3*p, t*a - 179 = -3*p + 8*p. Let h(b) = b**3 - 3*b**2 - 6*b + 2. Calculate the remainder when a is divided by h(5).
19
Let s = 77 - -74. Let m = 21 + -17. Suppose -n + 32 = 2*c, m*c - 3 = n - 53. Calculate the remainder when s is divided by n.
37
Suppose 0 = -25*d - 55 + 5. Calculate the remainder when 802 is divided by 73/(0*d/(-12) + 1).
72
Let o(j) = -j**3 + 25*j**2 + 20*j + 174. Suppose 0 = 4*d - 5*y - 22 - 57, -4*d - 5*y = -129. What is the remainder when o(d) is divided by 7?
4
Suppose 6*z + 2178 = -3*z. Let c = -213 - z. What is the remainder when 113 is divided by c?
26
Let u(g) = 98 - 6*g + 0*g + 15 + 36 + 10*g. Calculate the remainder when 34 is divided by u(-34).
8
Suppose 21*x - 19*x = 110. Suppose x*c + 80 = 60*c. Calculate the remainder when 207 is divided by c.
15
Let q be -1*(-4)/(-2) + (-24 - 297). Let w = q - -342. Calculate the remainder when -4*(-4)/((-48)/(-165)) is divided by w.
17
Let r = 632 + -450. Suppose 910 = 14*h - r. Calculate the remainder when h is divided by 9.
6
Let c = -294 + 294. Suppose -17*z + 6 = -20*z, c = -2*l + 5*z + 32. What is the remainder when 107 is divided by l?
8
Let n(s) = 3*s**3 - s**2 - 9*s + 7. Suppose 5*g = -10*g + 60. What is the remainder when n(g) is divided by (1 + -6)*(-7 + 2)?
22
Suppose -48743 = 178*z - 53905. Suppose 4*l - 10 = 2*l. Let q(i) = i**3 - 5*i**2 + 2*i + 6. What is the remainder when z is divided by q(l)?
13
Suppose -62*k - 407*k + 13218 = -405599. What is the remainder when k is divided by 873?
20
Let m = 399 - 399. Suppose 0 = 3*y - 2*f - 14, 3*y - 3*f + 2 - 20 = m. What is the remainder when 3 is divided by y?
1
Let c(b) = b**3 + 9*b**2 + 6*b + 12. Suppose 1257*i - 1256*i = 85. Calculate the remainder when i is divided by c(-8).
1
Calculate the remainder when 422 is divided by 75/45 